{"id":129,"date":"2018-06-07T11:36:12","date_gmt":"2018-06-07T11:36:12","guid":{"rendered":"https:\/\/2018.thessaloniki.wordcamp.org\/?page_id=129"},"modified":"2018-11-02T19:55:16","modified_gmt":"2018-11-02T16:55:16","slug":"venue","status":"publish","type":"page","link":"https:\/\/thessaloniki.wordcamp.org\/2018\/venue\/","title":{"rendered":"Venue"},"content":{"rendered":"<p>WordCamp Thessaloniki 2018 will be hosted at Thessaloniki Concert Hall and more specifically in the M2 building and Maurice Saltiel Hall on the 5th floor, while coffee breaks and lunch break will take place in the foyer and the impressive caf\u00e9-restaurant Allegro at the same floor.<\/p>\n<p class=\"jetpack-slideshow-noscript robots-nocontent\">\u03a4\u03bf \u03c3\u03bb\u03ac\u03b9\u03bd\u03c4 \u03b1\u03c0\u03b1\u03b9\u03c4\u03b5\u03af \u03c4\u03b7\u03bd \u03c7\u03c1\u03ae\u03c3\u03b7 JavaScript.<\/p><div id=\"gallery-129-1-slideshow\" class=\"jetpack-slideshow-window jetpack-slideshow jetpack-slideshow-black\" data-trans=\"fade\" data-autostart=\"1\" data-gallery=\"[{&quot;src&quot;:&quot;https:\\\/\\\/thessaloniki.wordcamp.org\\\/2018\\\/files\\\/2018\\\/07\\\/39-\\u00ef\\u00e4\\u00e9\\u00c7\\u00c9\\u00c4-\\u00ef2-1024x683.jpg&quot;,&quot;id&quot;:&quot;353&quot;,&quot;title&quot;:&quot;39-\\u00ef\\u00e4\\u00e9\\u00c7\\u00c9\\u00c4-\\u00ef2&quot;,&quot;alt&quot;:&quot;&quot;,&quot;caption&quot;:&quot;Thessaloniki Concert Hall (\\u039c2 building)&quot;,&quot;itemprop&quot;:&quot;image&quot;},{&quot;src&quot;:&quot;https:\\\/\\\/thessaloniki.wordcamp.org\\\/2018\\\/files\\\/2018\\\/07\\\/DSC_1820-1024x684.jpg&quot;,&quot;id&quot;:&quot;1260&quot;,&quot;title&quot;:&quot;DSC_1820&quot;,&quot;alt&quot;:&quot;&quot;,&quot;caption&quot;:&quot;Caf\\u00e8-Restaurant Allegro&quot;,&quot;itemprop&quot;:&quot;image&quot;},{&quot;src&quot;:&quot;https:\\\/\\\/thessaloniki.wordcamp.org\\\/2018\\\/files\\\/2018\\\/07\\\/94-\\u00ef\\u00e4\\u00e9\\u00c7\\u00c9\\u00c4-\\u00ef2-1024x538.jpg&quot;,&quot;id&quot;:&quot;354&quot;,&quot;title&quot;:&quot;94-\\u00ef\\u00e4\\u00e9\\u00c7\\u00c9\\u00c4-\\u00ef2&quot;,&quot;alt&quot;:&quot;&quot;,&quot;caption&quot;:&quot;Thessaloniki Concert Hall (\\u039c2 building)&quot;,&quot;itemprop&quot;:&quot;image&quot;},{&quot;src&quot;:&quot;https:\\\/\\\/thessaloniki.wordcamp.org\\\/2018\\\/files\\\/2018\\\/07\\\/DSC_0050-2-1024x681.jpg&quot;,&quot;id&quot;:&quot;1261&quot;,&quot;title&quot;:&quot;DSC_0050 (2)&quot;,&quot;alt&quot;:&quot;&quot;,&quot;caption&quot;:&quot;Caf\\u00e8-Restaurant Allegro&quot;,&quot;itemprop&quot;:&quot;image&quot;},{&quot;src&quot;:&quot;https:\\\/\\\/thessaloniki.wordcamp.org\\\/2018\\\/files\\\/2018\\\/07\\\/32-\\u00ef\\u00e4\\u00e9\\u00c7\\u00c9\\u00c4-\\u00ef2-1024x580.jpg&quot;,&quot;id&quot;:&quot;352&quot;,&quot;title&quot;:&quot;32-\\u00ef\\u00e4\\u00e9\\u00c7\\u00c9\\u00c4-\\u00ef2&quot;,&quot;alt&quot;:&quot;&quot;,&quot;caption&quot;:&quot;Thessaloniki Concert Hall (\\u039c2 building)&quot;,&quot;itemprop&quot;:&quot;image&quot;},{&quot;src&quot;:&quot;https:\\\/\\\/thessaloniki.wordcamp.org\\\/2018\\\/files\\\/2018\\\/07\\\/DSC_0046-1024x681.jpg&quot;,&quot;id&quot;:&quot;1259&quot;,&quot;title&quot;:&quot;DSC_0046&quot;,&quot;alt&quot;:&quot;&quot;,&quot;caption&quot;:&quot;Caf\\u00e8-Restaurant Allegro&quot;,&quot;itemprop&quot;:&quot;image&quot;}]\" itemscope itemtype=\"https:\/\/schema.org\/ImageGallery\"><\/div>\n<p>Designed by the famous architect Arata Isozaki, the M2 building gives the city a unique structure that summarizes the virtues of modern architecture. Geometric lines, large glass surfaces and metallic elements make up a picture of imposing simplicity, contrasting but standing equally next to the neighboring M1 building.<\/p>\n<p>Thessaloniki Concert Hall is located at the junction of 25th March with the beach, right next to Posidonio Athletic Center.<\/p>\n<p>Individuals with special needs can have an <strong>easy access inside and outside<\/strong> both venues of the Thessaloniki Concert Hall.<\/p>\n<h2>Access<\/h2>\n<p>You can reach the Concert Hall from all the neighbourhoods of Thessaloniki with the Public Transport.<\/p>\n<p><strong>Bus:<\/strong><br \/>\nThe Megaron is located 100 meters from the &#8220;March&#8221; stop, from which the buses <strong>5<\/strong>\u00a0\/\u00a0<strong>6<\/strong>\u00a0\/\u00a0<strong>8<\/strong>\u00a0\/\u00a0<strong>33\u00a0<\/strong>pass, while about 200 meters away, the\u00a0<strong>30<\/strong>\u00a0\/\u00a0<strong>78\u00a0<\/strong>busses pass from the &#8220;Georgiou&#8221; stop.<\/p>\n<p><a href=\"http:\/\/www.oasth.gr\">www.oasth.gr<\/a><\/p>\n<p><strong>Taxi:<\/strong><br \/>\nThere is a Taxi stop in front of the Concert Hall entrance, where there are always taxis at the end of the performances.<\/p>\n<h2>Parking<\/h2>\n<p>The underground parking of the Megaron Music, located in the M2 building, is 11,800 m\u00b2 in size and 230 seats. Parking will be available free of charge to all attendees on the day on the conference.<\/p>\n<p><strong>Thessaloniki Concert Hall<\/strong><br \/>\n<strong>25 March and Beach<\/strong><br \/>\n<strong>54646 Thessaloniki<\/strong><\/p>\n<p>&nbsp;<\/p>\n<h2>Maurice Saltiel Hall<\/h2>\n<figure id=\"attachment_355\" aria-describedby=\"caption-attachment-355\" style=\"width: 974px\" class=\"wp-caption aligncenter\"><img loading=\"lazy\" decoding=\"async\" data-attachment-id=\"355\" data-permalink=\"https:\/\/thessaloniki.wordcamp.org\/2018\/venue\/co%c6%92a%c2%bcy_ioo%c2%ac_aeyo%c2%bdaoo2\/\" data-orig-file=\"https:\/\/thessaloniki.wordcamp.org\/2018\/files\/2018\/07\/\u00c7\u00d5\u0192\u00aa\u00bc\u00ae\u00ff_\u00ef\u00d3\u00bf\u00d5\u00ac_\u00e6\u00ff\u00f3\u00bd\u00e1\u00d4\u00f32.jpg\" data-orig-size=\"5616,3744\" data-comments-opened=\"1\" data-image-meta=\"{&quot;aperture&quot;:&quot;0&quot;,&quot;credit&quot;:&quot;&quot;,&quot;camera&quot;:&quot;&quot;,&quot;caption&quot;:&quot;&quot;,&quot;created_timestamp&quot;:&quot;0&quot;,&quot;copyright&quot;:&quot;&quot;,&quot;focal_length&quot;:&quot;0&quot;,&quot;iso&quot;:&quot;0&quot;,&quot;shutter_speed&quot;:&quot;0&quot;,&quot;title&quot;:&quot;&quot;,&quot;orientation&quot;:&quot;0&quot;}\" data-image-title=\"\u00c7\u00d5\u0192\u00aa\u00bc\u00ae\u00ff_\u00ef\u00d3\u00bf\u00d5\u00ac_\u00e6\u00ff\u00f3\u00bd\u00e1\u00d4\u00f32\" data-image-description=\"\" data-image-caption=\"&lt;p&gt;\u0391\u03af\u03b8\u03bf\u03c5\u03c3\u03b1 \u039c\u03c9\u03c1\u03af\u03c2 \u03a3\u03b1\u03bb\u03c4\u03b9\u03ad\u03bb @\u039c\u03ad\u03b3\u03b1\u03c1\u03bf \u039c\u03bf\u03c5\u03c3\u03b9\u03ba\u03ae\u03c2 \u0398\u03b5\u03c3\u03c3\u03b1\u03bb\u03bf\u03bd\u03af\u03ba\u03b7\u03c2 (\u03ba\u03c4\u03af\u03c1\u03b9\u03bf \u039c2)&lt;\/p&gt;\n\" data-medium-file=\"https:\/\/thessaloniki.wordcamp.org\/2018\/files\/2018\/07\/\u00c7\u00d5\u0192\u00aa\u00bc\u00ae\u00ff_\u00ef\u00d3\u00bf\u00d5\u00ac_\u00e6\u00ff\u00f3\u00bd\u00e1\u00d4\u00f32-300x200.jpg\" data-large-file=\"https:\/\/thessaloniki.wordcamp.org\/2018\/files\/2018\/07\/\u00c7\u00d5\u0192\u00aa\u00bc\u00ae\u00ff_\u00ef\u00d3\u00bf\u00d5\u00ac_\u00e6\u00ff\u00f3\u00bd\u00e1\u00d4\u00f32-1024x683.jpg\" class=\"wp-image-355 size-large\" src=\"https:\/\/2018.thessaloniki.wordcamp.org\/files\/2018\/07\/\u00c7\u00d5\u0192\u00aa\u00bc\u00ae\u00ff_\u00ef\u00d3\u00bf\u00d5\u00ac_\u00e6\u00ff\u00f3\u00bd\u00e1\u00d4\u00f32-1024x683.jpg\" alt=\"\" width=\"974\" height=\"650\" srcset=\"https:\/\/thessaloniki.wordcamp.org\/2018\/files\/2018\/07\/\u00c7\u00d5\u0192\u00aa\u00bc\u00ae\u00ff_\u00ef\u00d3\u00bf\u00d5\u00ac_\u00e6\u00ff\u00f3\u00bd\u00e1\u00d4\u00f32-1024x683.jpg 1024w, https:\/\/thessaloniki.wordcamp.org\/2018\/files\/2018\/07\/\u00c7\u00d5\u0192\u00aa\u00bc\u00ae\u00ff_\u00ef\u00d3\u00bf\u00d5\u00ac_\u00e6\u00ff\u00f3\u00bd\u00e1\u00d4\u00f32-300x200.jpg 300w, https:\/\/thessaloniki.wordcamp.org\/2018\/files\/2018\/07\/\u00c7\u00d5\u0192\u00aa\u00bc\u00ae\u00ff_\u00ef\u00d3\u00bf\u00d5\u00ac_\u00e6\u00ff\u00f3\u00bd\u00e1\u00d4\u00f32-768x512.jpg 768w, https:\/\/thessaloniki.wordcamp.org\/2018\/files\/2018\/07\/\u00c7\u00d5\u0192\u00aa\u00bc\u00ae\u00ff_\u00ef\u00d3\u00bf\u00d5\u00ac_\u00e6\u00ff\u00f3\u00bd\u00e1\u00d4\u00f32-450x300.jpg 450w\" sizes=\"auto, (max-width: 974px) 100vw, 974px\" \/><figcaption id=\"caption-attachment-355\" class=\"wp-caption-text\">Maurice Saltiel hall @Thessaloniki Concert Hall (\u039c2 building)<\/figcaption><\/figure>\n<p>Maurice Saltiel Hall\u00a0on the 5th floor of the M2 building, with capacity of <strong>320+ people<\/strong>, with audio and microphone installations, simultaneous translation booths, audiobooks, video projector, streaming, projection screen (4 meters wide 4: 3), event recording, air conditioning and Wi-Fi, can be divided into two or three rooms, thus enabling a series of different events.<\/p>\n<h2> Venue Maps <\/h2>\n<div class=\"googlemaps\">\n\t\t\t\t<iframe loading=\"lazy\" width=\"100\" height=\"450\" frameborder=\"0\" scrolling=\"no\" marginheight=\"0\" marginwidth=\"0\"  src=\"https:\/\/www.google.com\/maps\/embed?pb=!1m18!1m12!1m3!1d3029.465827953814!2d22.945778415401417!3d40.59754487934446!2m3!1f0!2f0!3f0!3m2!1i1024!2i768!4f13.1!3m3!1m2!1s0x14a8392b908101d9:0x38a3f6c30bd4f5ce!2sThessaloniki%20Concert%20Hall!5e0!3m2!1sen!2sgr!4v1541177238950\"><\/iframe>\n\t\t\t<\/div>\n","protected":false},"excerpt":{"rendered":"<p>WordCamp Thessaloniki 2018 will be hosted at Thessaloniki Concert Hall and more specifically in the M2 building and Maurice Saltiel Hall on the 5th floor, while coffee breaks and lunch break will take place in the foyer and the impressive caf\u00e9-restaurant Allegro at the same floor. Designed by the famous architect Arata Isozaki, the M2 [&hellip;]<\/p>\n","protected":false},"author":14980497,"featured_media":1222,"parent":0,"menu_order":0,"comment_status":"closed","ping_status":"closed","template":"","meta":{"jetpack_post_was_ever_published":false,"footnotes":""},"class_list":["post-129","page","type-page","status-publish","has-post-thumbnail","hentry"],"jetpack_sharing_enabled":true,"jetpack_shortlink":"https:\/\/wp.me\/P9XPAu-25","_links":{"self":[{"href":"https:\/\/thessaloniki.wordcamp.org\/2018\/wp-json\/wp\/v2\/pages\/129","targetHints":{"allow":["GET"]}}],"collection":[{"href":"https:\/\/thessaloniki.wordcamp.org\/2018\/wp-json\/wp\/v2\/pages"}],"about":[{"href":"https:\/\/thessaloniki.wordcamp.org\/2018\/wp-json\/wp\/v2\/types\/page"}],"author":[{"embeddable":true,"href":"https:\/\/thessaloniki.wordcamp.org\/2018\/wp-json\/wp\/v2\/users\/14980497"}],"replies":[{"embeddable":true,"href":"https:\/\/thessaloniki.wordcamp.org\/2018\/wp-json\/wp\/v2\/comments?post=129"}],"version-history":[{"count":26,"href":"https:\/\/thessaloniki.wordcamp.org\/2018\/wp-json\/wp\/v2\/pages\/129\/revisions"}],"predecessor-version":[{"id":2430,"href":"https:\/\/thessaloniki.wordcamp.org\/2018\/wp-json\/wp\/v2\/pages\/129\/revisions\/2430"}],"wp:featuredmedia":[{"embeddable":true,"href":"https:\/\/thessaloniki.wordcamp.org\/2018\/wp-json\/wp\/v2\/media\/1222"}],"wp:attachment":[{"href":"https:\/\/thessaloniki.wordcamp.org\/2018\/wp-json\/wp\/v2\/media?parent=129"}],"curies":[{"name":"wp","href":"https:\/\/api.w.org\/{rel}","templated":true}]}}